
-6
Let k be ((-40)/(-24))/((-10)/(-36)). Suppose 2*p - 2*u = k, 15 = -5*p - 3*u - 2*u. Let c(z) = -11 + 3 + 7 - 4*z + p. Determine c(-2).
7
Let g(o) be the second derivative of -o**4/12 + 2*o + 39. Calculate g(-5).
-25
Let n(g) be the second derivative of g**5/20 + 5*g**4/6 + g**2/2 + 3*g. Let c = 165 + -175. Calculate n(c).
1
Let r be 5*(-2)/(-10)*2. Let p(y) be the second derivative of -y**5/12 + y**4/12 + 23*y**3/6 - 24*y. Let f(l) be the second derivative of p(l). Determine f(r).
-18
Let s be (-18)/(-15)*(-10)/(-4). Let h be (-26)/(-8) + 1 + (-3)/12. Let o(b) = -h + 1 + 1 - 2 + s*b. What is o(4)?
8
Let r(u) = -2*u**3 + 2*u**2 + 2. Suppose 5*s = -w - w, 2*s = -4. Suppose 2*t = 4*c + 4 + 12, 2*c + 16 = w*t. Determine r(t).
-6
Let h(q) = -4*q**3 + 12*q**2 + 17*q + 4. Let f be h(-1). Let v(k) = 2*k**2 + 0 + 4 + 2*k**3 - 3*k**3 + 2*k. What is v(f)?
1
Suppose -4*q - 1 - 27 = 0. Let m(z) = -z - 7. Calculate m(q).
0
Let s(w) = -2*w**2 - 5*w - 7*w**2 - 5*w - 154 - w**3 + 143 + w. Calculate s(-8).
-3
Suppose 5*q - n - 331 = 0, -2*q - 2*n + 153 = 11. Let p = q - 76. Let c(d) = d**2 + 7*d - 11. Give c(p).
7
Let r(s) = 12*s**2 - 2*s - 1. Let f(i) = -i**2 + 12*i - 14. Let z = 32 + -21. Let m be f(z). Let u be m + 1/(1/2). Determine r(u).
13
Let m(j) be the third derivative of j**4/12 - 7*j**3/3 + 2*j**2. Let g be m(10). Let x(d) = 4 - 1 - 2 - 4 + d**2 - 6*d. Determine x(g).
-3
Let p(c) = -c**3 + c**2 + 5*c - 4. Suppose -3*r + 0*r = 24. Let m = r + -1. Let b be (-8)/(-6)*m/(-4). Calculate p(b).
-7
Let n(i) = 4*i - 3 - 2 - 17*i**2 + 18*i**2 + 0*i. Suppose -5*t - c = -3*c + 26, 2*c = -4. Give n(t).
7
Let n(f) be the first derivative of f**2 + f - 14. What is n(2)?
5
Let y(a) be the first derivative of a**2/2 + 7*a - 258. Let z = 20 - 28. What is y(z)?
-1
Let j(q) = 3 - 12 - 8*q - 3*q**2 + 2*q**2 + 2*q. Let z(c) = c**2 + 8*c - 8. Let s be z(-8). Let f be 16/(-6)*(-18)/s. Give j(f).
-9
Let n = 30 + -18. Let s be 4/((-16)/n) + 0. Let i be 1/((-26)/8 - s). Let z(u) = u + 1. Determine z(i).
-3
Let o(d) = -7*d**3 - 9*d**2 + 5*d - 6. Let v(r) = r**3 + r**2 + 2. Let u(s) = -o(s) - 6*v(s). What is u(-4)?
-2
Let i(r) = 1 - 5*r + 3*r - 2 + r**2. Let c = -1613 - -1617. Calculate i(c).
7
Let h(m) = 7*m - 8. Let v(w) = -w**3 + 8*w**2 + 4*w - 26. Let s be v(8). What is h(s)?
34
Let g(w) = -2*w + 2. Let n(q) = 15*q - 11. Let k(p) = 4*g(p) + n(p). What is k(2)?
11
Let l(p) = -4*p**2 - 3*p - 1. Let i be l(-1). Let y be i*(-1 + -1)*1. Let t(j) = 3 - j**2 + j**3 - 2*j - 4*j**2 + y*j**2. Give t(2).
3
Suppose 93*z - 95*z - 4 = -2*x, 0 = -2*z + 10. Let n(o) = 5 - 11*o + 10*o - 3. Determine n(x).
-5
Suppose 0 = 5*i + 13 - 43. Let u be (-9)/((-27)/i) + 2. Let y(q) = q**3 - 5*q**2 + 5*q + 3. Calculate y(u).
7
Let j(v) = 2*v**2 - v + 4*v**2 - 5*v**2 - 88 + 89. What is j(0)?
1
Let t(y) be the first derivative of -y**3/3 - y**2/2 + 2*y - 181. Calculate t(2).
-4
Let p(a) = -a**2 + 6*a - 2. Let l(k) = 9*k**3 - 4*k**2 - 13*k**3 - k**3 - 20 + 6*k**3. Let h be l(5). What is p(h)?
3
Let i(u) = -u**3 - 5*u**2 + 4*u - 5. Suppose 0*n - 11 = 2*n - 5*l, -9 = -2*n + l. Let g be (-190)/16 - 3/24. Let p be 3/(n - 1)*g. Determine i(p).
7
Let p = -10 + 13. Suppose -3*s + 3 = 0, -z - 22 = p*z + 2*s. Let i(g) = g**2 + 3*g - 2. Calculate i(z).
16
Let p(k) = -4*k + 2. Let c be p(2). Let a = -1 - -3. Let y(x) = -5*x + 4 + x**3 - a*x + 5*x**2 + x. Give y(c).
4
Let i(m) = 18*m - 17*m - 24 + 25. Determine i(3).
4
Let r(g) = g**3 + 29*g**2 - 31*g - 33. Let z(m) = -m**3 + 3*m**2 + 8*m - 46. Let u be z(4). What is r(u)?
-3
Let q(a) = 3*a + 5*a - 2 - 4 - 11*a. Give q(5).
-21
Let f(y) = 2*y - 15. Let h be f(12). Let t = h - 8. Let j(u) = -u**2 + u. Let z(k) = 7*k**2 - 3*k. Let o(n) = 4*j(n) + z(n). Determine o(t).
4
Suppose -37*u - 9 = -46. Let f(q) = -21*q**2 - 1. Calculate f(u).
-22
Let q(j) = 6*j - 4. Let a be q(2). Let m(k) = -k**3 + 7*k**2 + 10*k - 12. Let g be m(a). Let i(t) = 2*t + 5 - 3 - g*t + t. Give i(7).
-5
Let d(w) be the second derivative of -w**4/24 + 2*w**2 - w. Let y(b) be the first derivative of d(b). What is y(-7)?
7
Let i(w) = -7*w. Let c(v) = 5*v + 1. Let h(z) = -4*c(z) - 3*i(z). Give h(-2).
-6
Suppose -k + 3*k = -2. Let z = -1 + k. Let b(r) = -4*r - 1. Determine b(z).
7
Let d(g) = -396*g**2 + 6 - 2*g - 403*g**2 + 797*g**2. Give d(2).
-6
Let u = 35 + -32. Suppose -u*p + 8*p = -30. Let h(g) = 2*g + 4. What is h(p)?
-8
Let o(c) = c**3 - c**2 - 2*c + 2. Let g(p) = p**3 - 24*p**2 - p + 25. Let k be g(24). Determine o(k).
0
Let a = -21 - -25. Let w(m) = -7*m**2 - 8*m. Let j(h) = -6*h**2 - 6*h - 1. Let g(s) = -6*j(s) + 5*w(s). What is g(a)?
6
Suppose 37*b - 6 = 36*b. Suppose 0 = q - 3*q + b. Let t(r) = -r**3 - r**2 + 1. Let p(n) = -n**3 - 4*n**2 + 2. Let j(s) = -p(s) + 2*t(s). What is j(q)?
-9
Let c be (-23 + 18)*((-36)/(-10) - 3). Let m(s) be the first derivative of -s**2 + 2*s - 1. Calculate m(c).
8
Let y(g) = -11*g**2 - g + 1. Suppose r - 2*t = -10, 40 = -4*r + 5*t - 2*t. Suppose 3*h + 3 + 30 = 0. Let w = r - h. Calculate y(w).
-11
Let r(k) = -3*k**3 - 2*k**2 + 1. Suppose -u = -3*v - 14, v - 3*u + 5*u = -7. Let y be 1*(-3 - (1 + v)). Let a = 0 - y. Determine r(a).
2
Let l = 109 - 113. Let z(h) = -h**3 - 2*h**2 + 7*h + 6. Determine z(l).
10
Let m(a) be the second derivative of -a**3/3 + 5*a**2/2 - 4*a. Suppose o = 2*s - 64, 0 = -0*o + 5*o. Let h be 8/(-3)*(-48)/s. What is m(h)?
-3
Let x be 2/8*7/21*0. Let p(w) be the second derivative of -2*w + 1/12*w**4 + x - 1/2*w**2 + 1/6*w**3. Calculate p(-3).
5
Let d(z) be the third derivative of z**4/12 - z**3/3 + 22*z**2. Let r be 1/(1/6*-2). Calculate d(r).
-8
Let g(d) = 13*d - 2. Let i = -396 - -395. Calculate g(i).
-15
Let p(w) = -w**3 - 6*w**2 + 4. Let m(f) = f**3 - 7*f**2 + 6*f + 3. Let l be m(6). Suppose 1 + l = 2*k. Suppose -k*o + 3*o = -6. Determine p(o).
4
Let x be ((-6)/(-4))/(3/8). Suppose x*j = -j + 25. Let h(o) = 4*o**2 + o**3 + 5*o - 3 - o**3 - o**3. Determine h(j).
-3
Let j be (0/1)/(-1 + -2). Suppose j*n - 3 = -n. Suppose 0 = 3*h + 4*z - 11, -2*h - z + 6 = n*z. Let y(q) = q + 1. Determine y(h).
6
Suppose 0 = 2*y - 5*b + 5, -2 = 2*y - 4*b + 2. Let s(g) = -4 - g - 2 + 5. Determine s(y).
-1
Let g(v) = -v**2 + 7 - 55*v + 49*v + 1. What is g(-9)?
-19
Let k(d) = -d**2 - 2*d. Suppose -70 = -u - u. Suppose -5*g + u = -2*j + 7*j, 0 = 2*g + 4*j - 22. Suppose g = -3*c + 2*c. What is k(c)?
-3
Let z(b) = -20*b - 4. Let r(g) = 34*g + 8. Let k(u) = -3*r(u) - 5*z(u). Determine k(-10).
16
Let q(i) = -5*i**2 + 7*i + 2. Let d(w) = 6*w**2 - 8*w - 2. Let n(h) = -6*d(h) - 7*q(h). Give n(-2).
-4
Let h = 13 - 17. Let r(z) be the first derivative of -5 - 1/4*z**4 - 5/3*z**3 + 0*z**2 + 5*z. Determine r(h).
-11
Suppose 2*l - 9 = 5. Suppose -4*y = -5*y + 8. Let n(i) = -1 + 0 - y*i + l*i + 3*i. Give n(-4).
-9
Let n(b) = 6*b**2 + b + 1. Suppose -2*d + 2 + 18 = 0. Suppose -8*p - d = -3*p, 4*p + 4 = 4*r. Determine n(r).
6
Let s(x) be the second derivative of x**4/12 - x**3/6 - 16*x**2 + 6*x + 1. Give s(0).
-32
Let g(v) = 3*v - 8. Suppose 5*x = -2*r - 0*r - 6, 0 = -3*r + 4*x + 37. Determine g(r).
13
Let u be 11/7 - ((-38)/7 - -5). Let x(i) = -6*i**3 + i**2 + 0*i**2 + u*i**3 + i + 5*i**3. Suppose 0 = -6*j + j. Determine x(j).
0
Let c(k) = -k**2 - 5*k + 5. Let y(d) = d + 1. Suppose -5*w - n = 36, -2*n - 9 = 5*w - 4*w. Let p be y(w). Give c(p).
-1
Let b = -52 + 52. Let a(k) = -176*k + b - 1 + 177*k. What is a(3)?
2
Let j(l) = 3*l**3 - l**2 + l. Let w = 171 - 163. Let x(g) be the second derivative of -g**3/6 + 9*g**2/2 + g. Let z be x(w). Determine j(z).
3
Let h(u) = -3*u**3 - 2*u**2 + u + 1. Let l(x) = -x**2 - 5. Let a be l(-4). Let y = -23 - a. What is h(y)?
15
Let a(f) be the first derivative of 1/2*f**2 + 18 - 4*f. Give a(4).
0
Suppose -3*l = 5*z + 28 + 8, 0 = 2*l + z + 17. Let y = 4 - 4. Let w(x) = -6*x**2 - 2*x - x**3 - 4 + y*x + 8*x + 1. Give w(l).
4
Let f(q) = q**3 + 5*q**2 - 3*q - 6. Let s(d) = -9*d - 23. Let x be s(-15). Let w = x - 117. Calculate f(w).
9
Let l(f) = 2*f - 2*f**2 - f - 91 + 88 - f**3. Give l(-3).
3
Suppose 25 = 5*y - h, 3*y - 12 = -4*h + 3. Suppose -3*u + 19 = -3*f - 11, y*u = 2*f + 29. Let g(t) = -2*t - 9. Calculate g(f).
5
Suppose 133*u - 119*u - 392 = 0. Let a(q) = q**3 - 29*q**2 + 26*q + 56. Determine a(u).
0
Let w(f) = 2*f**3 + 4*f**2 + 3. 